osite number?
False
Is 59877907 composite?
True
Is 33380021 prime?
True
Is 256250581 a composite number?
False
Is 9332551 a prime number?
False
Is 5900047 prime?
True
Is 22983007 prime?
True
Is 4285753 composite?
False
Is 1921393 a prime number?
True
Is 8318129 a composite number?
False
Is 29691187 a prime number?
True
Is 134293871 a prime number?
True
Is 2062969 a composite number?
True
Is 109034137 composite?
False
Is 41874083 a prime number?
True
Is 15810991 a prime number?
False
Is 42565741 a prime number?
False
Is 49621747 a composite number?
True
Is 32298859 prime?
False
Is 19654343 a composite number?
False
Is 37591 prime?
True
Is 240714511 composite?
True
Is 3341374 a prime number?
False
Is 12052619 prime?
True
Is 168586357 composite?
False
Is 614639 a composite number?
False
Is 30454993 composite?
True
Is 7105823 prime?
False
Is 7065367 a prime number?
True
Is 117154729 a composite number?
True
Is 127153477 composite?
True
Is 5208737 prime?
False
Is 2454281 prime?
True
Is 14156327 prime?
True
Is 10129601 composite?
True
Is 244217 prime?
True
Is 20898497 a composite number?
True
Is 1897121 composite?
False
Is 9536717 prime?
True
Is 50072291 a composite number?
False
Is 17738481 a composite number?
True
Is 772767301 prime?
False
Is 26209237 a composite number?
True
Is 1538167 a composite number?
False
Is 139092307 prime?
True
Is 95696779 a prime number?
False
Is 641579 prime?
True
Is 3109937 a prime number?
True
Is 1171283 composite?
True
Is 40550521 a prime number?
False
Is 28714831 composite?
False
Is 1143509 composite?
True
Is 4131601 a prime number?
False
Is 191677177 a prime number?
True
Is 2464277 a composite number?
True
Is 9953507 composite?
False
Is 1430215 prime?
False
Is 25737403 a prime number?
False
Is 11045677 a composite number?
True
Is 54189193 composite?
False
Is 9576893 composite?
True
Is 73675339 a prime number?
False
Is 186678451 a prime number?
True
Is 11626591 composite?
False
Is 2694787 a prime number?
True
Is 1644889 prime?
False
Is 2199601 prime?
True
Is 889871 a composite number?
False
Is 68335447 a prime number?
True
Is 436567 a composite number?
True
Is 119958737 prime?
True
Is 63299 a composite number?
False
Is 712363 a prime number?
False
Is 660719 prime?
True
Is 92501933 composite?
False
Is 373553 prime?
True
Is 73480247 prime?
True
Is 24813779 a prime number?
True
Is 40961653 prime?
False
Is 484295989 composite?
False
Is 2253581 prime?
False
Is 173741 a composite number?
False
Is 2660531 a composite number?
True
Is 7009711 prime?
True
Is 66935173 a composite number?
True
Is 40207073 prime?
False
Is 51788491 a composite number?
True
Is 8286511 a prime number?
True
Is 3507941 composite?
False
Is 305017 prime?
True
Is 245754253 composite?
True
Is 24045683 composite?
True
Is 7229279 prime?
True
Is 94245761 a composite number?
False
Is 216871 a prime number?
False
Is 1109732321 a prime number?
True
Is 41551723 prime?
False
Is 5661113 prime?
True
Is 574689449 composite?
True
Is 771073 a composite number?
False
Is 30104889 a prime number?
False
Is 3403889 a prime number?
False
Is 17405951 composite?
False
Is 213826379 a composite number?
True
Is 326773 composite?
False
Is 5040379 a composite number?
False
Is 9435301 a composite number?
False
Is 998471 a prime number?
True
Is 35659271 a composite number?
False
Is 33535511 composite?
False
Is 40383599 a prime number?
True
Is 770741 composite?
False
Is 2887921 a composite number?
False
Is 41366791 a composite number?
True
Is 83971609 composite?
False
Is 218876519 composite?
False
Is 430693 composite?
True
Is 208456879 prime?
False
Is 2405113 a prime number?
False
Is 8083841 composite?
False
Is 236822515 composite?
True
Is 7426901 a prime number?
True
Is 253371 prime?
False
Is 5429509 a composite number?
True
Is 20919049 a composite number?
False
Is 8636767 prime?
False
Is 33773863 prime?
True
Is 23403871 a composite number?
True
Is 5302387 prime?
False
Is 399961615 prime?
False
Is 14233081 prime?
True
Is 81474127 prime?
False
Is 145896067 a composite number?
False
Is 357947 prime?
False
Is 153611 composite?
False
Is 16695335 prime?
False
Is 5091467 a prime number?
True
Is 865847 composite?
False
Is 133523567 prime?
True
Is 223630799 a composite number?
True
Is 53555263 composite?
True
Is 7189807 prime?
False
Is 34142333 prime?
True
Is 113466487 composite?
False
Is 283796587 a prime number?
True
Is 8873401 composite?
False
Is 1941337 a composite number?
True
Is 108237873 composite?
True
Is 2713519 prime?
False
Is 2948129 prime?
False
Is 129127379 a composite number?
False
Is 38858921 a composite number?
True
Is 16131761 composite?
False
Is 23332339 composite?
False
Is 799517 a composite number?
True
Is 10424471 composite?
False
Is 18903671 composite?
True
Is 8206279 composite?
False
Is 3939739 composite?
True
Is 51387538 composite?
True
Is 4262351 prime?
True
Is 2348455 composite?
True
Is 77300407 composite?
False
Is 7378909 a composite number?
False
Is 3550517 a composite number?
False
Is 4207433 composite?
False
Is 187932853 prime?
True
Is 22386527 a prime number?
False
Is 29417071 a prime number?
True
Is 10304539 a composite number?
True
Is 9131579 prime?
True
Is 1266149 prime?
True
Is 70313161 a composite number?
True
Is 212467 a composite number?
False
Is 2759071 prime?
False
Is 2394487 a composite number?
True
Is 10863065 composite?
True
Is 4468421 composite?
False
Is 377264215 prime?
False
Is 23890691 a composite number?
True
Is 32605477 a composite number?
True
Is 17140817 composite?
True
Is 7929767 a composite number?
True
Is 3482383 a composite number?
True
Is 12502489 prime?
True
Is 308700919 composite?
True
Is 25229923 prime?
True
Is 602173417 prime?
True
Is 13429879 prime?
False
Is 370597 a composite number?
False
Is 178627931 composite?
False
Is 2811155 prime?
False
Is 427641 composite?
True
Is 200653031 a prime number?
False
Is 91214777 a composite number?
False
Is 314167459 a prime number?
False
Is 100789781 composite?
True
Is 6861769 a composite number?
False
Is 5806033 prime?
True
Is 547397 a composite number?
False
Is 22112681 a composite number?
True
Is 143153177 prime?
True
Is 72511129 a prime number?
True
Is 114106199 a prime number?
True
Is 27251071 prime?
True
Is 1044101 prime?
False
Is 1339159 prime?
False
Is 2329027 a composite number?
False
Is 4033499 a prime number?
True
Is 123113 composite?
False
Is 6966203 composite?
False
Is 58755649 composite?
False
Is 3988451 composite?
False
Is 400687 composite?
True
Is 4006507 composite?
True
Is 13495133 a prime number?
True
Is 104181893 prime?
True
Is 25937599 prime?
True
Is 4103513 composite?
True
Is 778439 prime?
True
Is 16001255 a prime number?
False
Is 29473267 a composite number?
True
Is 23692009 prime?
False
Is 1160837 a prime number?
True
Is 82108001 a prime number?
True
Is 19535221 composite?
True
Is 17611567 a composite number?
False
Is 934295 prime?
False
Is 16019411 a composite number?
False
Is 388208351 a composite number?
False
Is 782597579 composite?
False
Is 29999591 a prime number?
True
Is 10129387 prime?
True
Is 8287061 composite?
True
Is 7908011 a prime number?
True
Is 635669 composite?
True
Is 1053695 composite?
True
Is 151435819 a prime number?
True
Is 95771701 composite?
True
Is 15973541 composite?
False
Is 1022993 a composite number?
True
Is 88845667 prime?
False
Is 6149581 prime?
False
Is 215530957 composite?
True
Is 298295 prime?
False
Is 22319933 a prime number?
True
Is 10502053 composite?
True
Is 74582719 a composite number?
True
Is 117644003 a prime number?
False
Is 6485221 composite?
True
Is 23806771 composite?
True
Is 1064731 prime?
True
Is 36759949 prime?
True
Is 13965253 a composite number?
False
Is 20492873 a composite number?
True
Is 633611 composite?
True
Is 42104251 prime?
False
Is 8424613 a prime number?
False
Is 287887 prime?
True
Is 962069 composite?
True
Is 656771 a prime number?
True
Is 37293577 a composite number?
False
Is 6895153 a composite number?
True
Is 121353913 a prime number?
False
Is 477778534 composite?
True
Is 12700783 a prime number?
False
Is 47444871 a prime number?
False
Is 876173 prime?
False
Is 714912521 a prime number?
False
Is 1700953 a prime number?
False
Is 3618029 prime?
True
Is 3615243 composite?
True
Is 31611179 a composite numbe